(-6). Let q(x) be the first derivative of -3*x**2/2 + 4*x - 1. Let j(d) = 2*d - 3. Let t(b) = -4*j(b) - 3*q(b). Give t(n).
-2
Let v be (-2)/4 + 155/10. Let b(h) = -h + 15 - v - 4*h**2 - h**3. Let r(q) = -3*q**2 - 1. Let u be r(1). Calculate b(u).
4
Suppose 90 - 6 = -7*g. Let d(j) = -j - 4. Calculate d(g).
8
Let h(y) = y**2 - y - 1. Suppose -3*l + 3 = -9. Suppose -l*s = 3*g - 4, -2*s + 2 + 0 = -4*g. What is h(g)?
-1
Let g(r) = -r**2 + 1. Suppose 0 = -3*p - p - 24. Let f be 16/24*p/(-4). Determine g(f).
0
Let u(g) = g + 7. Suppose 0 = -3*o + 3*k + 6, -o + 12 = -2*k + 3*k. Let w = 0 - o. Let n be u(w). Let y(z) = z - 3. Determine y(n).
-3
Let b(o) = 2*o**2 + 4*o + 2. Suppose p + 4*j = -3*p + 16, -6 = -3*p + 3*j. Let w = 7 - p. Suppose -12 = w*m - 4. What is b(m)?
2
Let c(u) = u**3 - 2*u**2 + 4*u - 5. Let h(n) = -n**3 + n**2 - 3*n + 5. Let m(r) = -5*c(r) - 4*h(r). Give m(5).
-10
Suppose -b + 2 = -4*z + 2*z, z = 2*b - 4. Let l(h) = -3*h + 0*h - 4*h**2 + 4 + b + h**3 - 3. Let x(q) = q**3 + 6*q**2 + 5*q + 5. Let p be x(-5). Determine l(p).
13
Let s(w) be the first derivative of w**2/2 + 2*w + 2. Let j(y) = y**3 + 2*y**2 - 5*y - 2. Let h be j(-3). Suppose -h*b = b. Calculate s(b).
2
Let f(k) be the third derivative of 1/5*k**5 + 5*k**2 + 1/6*k**3 + 0 + 0*k - 1/12*k**4. What is f(1)?
11
Let d(s) be the third derivative of s**6/120 - s**5/10 + 5*s**4/24 - 5*s**3/6 - 17*s**2 - 2*s. Calculate d(5).
-5
Let n(u) = u - 2 + 0*u**2 + u**2 + 1 - 2. Determine n(0).
-3
Let c(m) = m - 4. Let y(u) = -1 + 2*u - 3*u + 1. Let g(o) = -c(o) - 4*y(o). Give g(-3).
-5
Let o(h) be the first derivative of -4*h**3/3 - h**2/2 + h + 5. Calculate o(-2).
-13
Let r = -25 - -31. Let c(o) be the first derivative of -1/2*o**2 + r*o - 1. Give c(0).
6
Let w(u) be the third derivative of u**4/3 + u**3/3 + 3*u**2. Let p be ((-2)/(-5))/((-10)/50). What is w(p)?
-14
Let c(f) be the first derivative of f**4/4 + 3*f**3 + 9*f**2/2 + 12*f + 53. Calculate c(-8).
4
Let d(b) = -b**2 - 5*b + 6. Let u(h) = h**2 + 5*h - 6. Let o(f) = -2*d(f) - 3*u(f). Let p be (-1)/(-2) + (-33)/6. Calculate o(p).
6
Suppose -26 = 4*p + 2*z, 14 = -p + z - 4*z. Let o(j) = -j**2 - 5*j - 4. Calculate o(p).
-4
Suppose -3*z = -2*z. Let q(c) = 2 - 4 + z*c - 2*c. Determine q(2).
-6
Let m(l) = 4*l + 0 - 4 - 5*l. Determine m(3).
-7
Let o(f) = f**3 + 4*f**2 - 5*f + 7. Let u be (-1)/(-2) - 30/(-20). Suppose -u*y = 3*y + 25. Determine o(y).
7
Let b(y) be the first derivative of y**5/60 + y**4/24 - y**3/3 - 3*y**2/2 - 4. Let n(r) be the second derivative of b(r). Give n(2).
4
Let k(q) = q**2 + 7*q. Let c(i) = i**2 - 9*i + 2. Let d be c(8). Calculate k(d).
-6
Let d(q) be the third derivative of q**5/60 - 3*q**4/8 - q**3/2 - 30*q**2. Calculate d(7).
-17
Let y(p) = 3 + 2*p - 3 + p. Let b(g) = g + 4. Let u be b(-5). Give y(u).
-3
Let g(z) = 2*z + 2. Let v(x) = x. Let l(p) = 8*p + 11. Let k(t) = l(t) + 3*v(t). Let r(d) = -34*g(d) + 6*k(d). Suppose -4*s - 4 = 8. Determine r(s).
4
Let o(b) = b**3 + 41*b - 5*b**2 + 4 + 38*b - 83*b. Calculate o(5).
-16
Let y(p) = -3*p - 1108 + 3*p + 1109 + 8*p. What is y(-1)?
-7
Suppose 2*m = -2*m - 2*u + 10, -4*u = 5*m - 14. Let n(v) = 1 + 3 + v**2 + v**2 - 3*v**m - 3*v. Determine n(-4).
0
Let r(y) = y**3 - 26*y**2 + 25*y + 6. Let s be r(25). Let c(j) = -j**3 + 7*j**2 - 8*j + 6. Calculate c(s).
-6
Let b(j) = 7*j**3 - 6*j**2 - 3*j - 9. Let s(f) = -6*f**3 + 6*f**2 + 2*f + 9. Let x(r) = -5*b(r) - 6*s(r). Give x(6).
9
Let c(s) = -s**3 + s**2 + s + 5. Let f(j) = 3*j**2 - 2*j - 2. Let o be f(2). Let i = o - 6. Give c(i).
5
Let q(j) = -j + 7. Suppose 0 = 57*s - 52*s - 25. Determine q(s).
2
Let i(f) be the first derivative of f**3/3 + 3*f**2 - f - 5. Determine i(-6).
-1
Let n be (-6)/(-2)*25/15. Let h(j) = 3*j. Let p(b) = -2*b. Let o(k) = -3*h(k) - 5*p(k). Give o(n).
5
Suppose -5*h + z + 6 = 0, -2*h = -4*z + 11 + 1. Let u(p) = 8*p**2 - 1 - p**2 + h*p**2. Let k be -2 - 1/2*-2. Determine u(k).
8
Let o(q) = -q**2 + 2*q + 5. Suppose 2*h = -4 - 4. Determine o(h).
-19
Let d(r) be the first derivative of -2*r**3 - 2*r**2 - 2*r - 1/4*r**4 - 1. Let t = -11 + 6. Calculate d(t).
-7
Let z(p) = -p**2 - 6*p - 1. Let u be z(-5). Suppose u*x = x + 72. Suppose 6*a + x = 2*a. Let l(m) = m**3 + 6*m**2 - m - 3. What is l(a)?
3
Let g(p) be the third derivative of p**8/20160 + p**7/2520 + p**6/360 + p**5/10 + 5*p**2. Let h(i) be the third derivative of g(i). What is h(-3)?
5
Suppose 2*t + 5 = -11. Let q be 1556/6 - t/12. Let l be 4/(-18) - q/45. Let i(m) = -m**2 - 7*m - 6. Calculate i(l).
0
Let p(b) be the first derivative of b**4/4 - b**3 + 3*b**2/2 - 3. Let r be (12/(-9))/(2/(-6)). Suppose 5*k + 2 = 3*j, r*k - 2*j = -4*j + 16. What is p(k)?
2
Let v(u) be the first derivative of 2*u**2 - 9. Give v(-2).
-8
Let x(l) = -3*l - 5. Let o(y) = -7*y - 10. Suppose n - 4*q = -12, 0 = 2*n + 2*q - 4*q. Let k(h) = n*o(h) - 9*x(h). What is k(3)?
2
Let j(q) = -q. Let p be j(-5). Suppose -b - l = -p*l - 21, 2*b + 13 = -3*l. Let a(t) = -t**2 + 2*t - 1. Calculate a(b).
0
Suppose 5*y = 2*k + 8, 3*k + 8 = 5*y - 4. Let q(l) = l**3 + l**2 + l + 17. Give q(y).
17
Suppose -4*q - 4*y + 3*y + 4 = 0, 20 = 5*y. Let h(w) = w**3 + w**2 - w - 3. Determine h(q).
-3
Let c(d) = -d**2 - 13*d - 4. Let h(l) = l. Let u(k) = -c(k) - 5*h(k). Let s(p) = 30*p + 54. Let j be s(-2). Determine u(j).
-8
Let s(t) = -2*t**3 - t**2 - t + 1. Let o(v) = 3*v - v**3 + 4 - 2*v + 0*v**3 - 7*v**2 + 4. Let i be o(-7). Give s(i).
-3
Let i(u) = -6 + 3*u + 3 + 1 - 2*u. Suppose -2*j + 6 = 2. Give i(j).
0
Let r(j) = -12 - 10 + 20 - 11*j. Let p(b) = 2*b + 3 - 4*b + 19*b. Let x(a) = 5*p(a) + 8*r(a). What is x(1)?
-4
Let r(m) be the second derivative of m**4/12 + m**3/6 + 3*m**2/2 + m. Let f be 5/(-6) + (-2)/12. Let x(n) = n**2 - 1. Let v be x(f). Determine r(v).
3
Let s(z) be the first derivative of z**3/3 - 2*z**2 + 4*z + 13. Let h be (3/6)/((-1)/(-8)). Determine s(h).
4
Let o be 6/(2/(-4)*-4). Let n(x) = -2*x - 9. Let g(y) = 2*y - 7. Let z(r) = -r + 1. Let h(m) = g(m) + 3*z(m). Let u(t) = o*n(t) - 7*h(t). What is u(-4)?
-3
Let d(u) = -u**2 + 10. Suppose -10*l = -6*l - 3*n - 9, 4*l + 2*n + 6 = 0. What is d(l)?
10
Let t(r) = 3*r**3 - 8*r**2 - r - 3. Let y(a) = 4*a**3 - 9*a**2 - a - 3. Suppose 0 = -2*o + o + 5. Let c(n) = o*t(n) - 4*y(n). Let k = -2 + -1. What is c(k)?
-9
Suppose a = -a - 12. Let g(t) be the third derivative of -t**5/60 - t**4/4 + t**3 + 3*t**2. Calculate g(a).
6
Let p(t) = 3*t**2 - 2*t**2 + 3408*t - 4 - 3412*t. Suppose 0 = -9*m + 4*m + 25. Give p(m).
1
Let f(v) be the second derivative of -v**6/180 - v**4/24 + v**3 - 3*v. Let d(s) be the second derivative of f(s). Calculate d(2).
-9
Let c(u) = -u**3 - u**2 - 5 + 3*u**2 + u**2 - u + 4*u. What is c(4)?
-9
Let m(b) = -b**3 + b**2 + 3*b + 1. Let p be (8/6)/(6/99). Suppose -5*z = -28 - p. Let f be (8/z)/(6/(-15)). Determine m(f).
7
Let p(n) = 8*n - 1. Let z(o) = 3*o. Let w(h) = 4*p(h) - 11*z(h). What is w(-6)?
2
Let z = -1/65 - -197/130. Let p(w) be the second derivative of -z*w**2 + 1/12*w**4 + 0 - 1/2*w**3 + w. Calculate p(4).
1
Let w(f) = f**3 - 2*f**2 - 3*f + 10. Let v(b) = b**3 - 2*b**2 - 4*b + 9. Suppose 0 = -p - 0*p + 4. Let l(c) = p*v(c) - 3*w(c). Determine l(4).
10
Let v(j) be the second derivative of j**4/12 - j**3 + 3*j**2 + 2*j. Suppose 2*i - 20 = 6*u - u, -4*i - 2*u = -16. Give v(i).
1
Let g(d) be the third derivative of 0*d**3 + 0 - 1/120*d**6 - d**2 - 1/20*d**5 - 1/8*d**4 + 0*d. Determine g(-2).
2
Let z(w) = 0*w**3 + w**2 - 5*w - 2 - 4*w**2 + w**3. Suppose 4*m = -m + 25. Let p = m - 1. What is z(p)?
-6
Let q = 94 - 95. Let j(w) = -14*w. Calculate j(q).
14
Let i(k) = k**3 + 6*k**2 - 8*k - 4. Let h be i(-7). Suppose -5*g - 13 = -h. Let b(n) = -6*n - 1. Determine b(g).
11
Let v(r) be the first derivative of 1/4*r**4 - 3 - 4/3*r**3 - 5/2*r**2 - 4*r. Let f = 6 + -1. Calculate v(f).
-4
Let g(o) = 5*o**2 + 0*o**2 + o**3 + 6 + 0*o**3. Let i be 3 + (0 - 4/(-2)). Suppose -i*p - 14 = -3*n + 26, -3*p - 35 = -4*n. What is g(p)?
6
Let k(d) = -2*d + 3. Suppose -8 - 28 = -4*n. Suppose -4*w + 2*o - 66 = -n*w, -2*w + 2*o = -32. Suppose -2*a + 4*a + 5*p = w, -12 = -a - 5*p. Give k(a).
-1
Let u(s) be the first derivative of s**3/3 + s**2 - s + 1. Let x(g) = -g**3 + 5*g**2 - 3*g - 5. Let k be x(4). Let m be 1*(k - 1) + 0. Determine u(m